 be 21/3 + (-1 - 1). Let b be (-20)/f + 1 - -69. What is the greatest common factor of b and 99?
33
Let a be ((-3)/(-12) + -1)/((-1)/1080). Calculate the greatest common divisor of 90 and a.
90
Suppose -96*u = -73*u - 621. Calculate the highest common factor of u and 171.
9
Suppose 3*k - 3 - 21 = 0. Suppose d - 4 = -d. Suppose -d*h - 2 = -4. Calculate the greatest common factor of h and k.
1
Suppose f - 93 - 107 = 3*u, 0 = 3*f + 2*u - 633. What is the greatest common factor of 11 and f?
11
Suppose -32 = -5*p - 107. Let s = 17 + p. Suppose -4*y = 8, s*t + 2 = 2*y + 38. Calculate the highest common factor of 4 and t.
4
Let l(t) = -5*t**2 + 5*t - 2. Let s be l(-5). Let r be s/(-7) + 4/14. Calculate the greatest common factor of r and 66.
22
Suppose -4*t + 5 = 1. Let l be 7*(44/28)/(-11)*-1. Calculate the highest common divisor of t and l.
1
Let h be (104/14)/((-36)/(-126)). Calculate the highest common divisor of 13 and h.
13
Suppose -5*y = -4*b + 869, 4*y = -3*b + 562 + 82. Calculate the highest common divisor of b and 45.
9
Let f be -12*((-78)/(-9))/((-6)/21). Calculate the highest common factor of 52 and f.
52
Let y = -725 - -757. What is the greatest common factor of y and 24?
8
Let k be (1 + 7/((-35)/(-20)))*2. Calculate the highest common divisor of k and 170.
10
Suppose -9 = 5*w - 3*z, 2*w - 10 + 4 = -2*z. Suppose -4*o = -w*o - 16. Suppose -24 = -o*u + u. Calculate the highest common divisor of u and 40.
8
Suppose 48*g - 52*g = -312. Calculate the highest common factor of g and 195.
39
Let d(l) = 4*l**3 + 40*l**2 - 2*l - 19. Let k be d(-10). Let r(b) = b**2 + 10*b - 16. Let i be r(-12). Calculate the highest common divisor of i and k.
1
Let i = -1718 - -2235. What is the highest common divisor of 188 and i?
47
Let g = 50 + -28. What is the highest common divisor of 143 and g?
11
Let h(m) = -186*m**3 + 2*m**2 + 2*m + 1. Let a be h(-1). Suppose -68 = -7*g + 14 + 37. What is the greatest common divisor of g and a?
17
Let k be 12 + -4 + (1 - -1). Let s = 9 - k. Let f be (-33 - (-1 - s))*-5. Calculate the greatest common factor of 15 and f.
15
Let v(h) = -58*h - 143. Let p be v(-11). What is the greatest common divisor of p and 33?
33
Suppose -4 = -4*s - 3*n + 4, 5*s + 3*n = 13. Suppose -x + 5*x = 3*z - 290, 3*z - 245 = -s*x. Calculate the highest common divisor of z and 36.
18
Let y be 3/9 + 120/(-9). Let n(x) = -18*x - 12. Let g(d) = d - 1. Let i(m) = g(m) + n(m). Let u be i(y). Calculate the highest common divisor of u and 26.
26
Let o be (-50 + -4)*3/6. Let u be (-3 - 63)*3*6/o. What is the highest common divisor of 22 and u?
22
Suppose q = -2*s + 24, 3*s = 4*q - 46 - 6. Let j be 8/(-16)*(-1 + -3). Let h be 1/j - 3/(-2). What is the greatest common divisor of q and h?
2
Suppose 0*c + 9*c - 864 = 0. Suppose 13*l - 15*l = -c. Calculate the highest common divisor of l and 24.
24
Suppose -n = 4*r + 3, 4*r - 31 = 2*n - 5*n. Suppose k = 3*k + 34. Let b be -5 - -2 - (k - 3). Calculate the greatest common divisor of n and b.
17
Let r be (11 - 26)*4/(-3) + 3. Let d(a) = 3*a - 16. Let h be d(13). Calculate the highest common factor of h and r.
23
Let u(a) = 3*a - 36. Let d be u(16). Let s = 26 - d. Suppose -260 + 92 = -3*o. What is the highest common divisor of s and o?
14
Let u(n) = 2*n**3 + n**2 - 3*n + 2. Let w be u(2). Let o = -14 - -18. Calculate the greatest common factor of o and w.
4
Suppose 18*z - 2561 - 2569 = 0. What is the greatest common divisor of z and 114?
57
Suppose 21 = 2*n - 77. Let s = 25 + -16. Suppose -3*x + w = -66, 2*x + 4*w - s = n. What is the greatest common factor of x and 161?
23
Suppose -2*u + 7 = 1. Suppose 5 + 7 = u*y. Suppose -y*l + a = -25, 3*l - 2*a - 30 = -l. What is the highest common divisor of 45 and l?
5
Let g = -833 + 1123. Calculate the highest common divisor of g and 29.
29
Let f = -27 + 41. Let w(a) = -f + a**2 + 1 - 1 - 3*a. Let g be w(6). Calculate the greatest common factor of g and 36.
4
Let t = 30 - 2. Let u be -1*(2 + -1) - -2. Let l(j) = 15*j**2 - j. Let k be l(u). What is the highest common divisor of t and k?
14
Let a(h) = 4*h + 1. Let f = -6 - -8. Let t be a(f). Let p(w) = 5*w**2 + 36*w - 45. Let q be p(-9). What is the greatest common factor of t and q?
9
Suppose 0 = r - 4*j - 212, 5*j - 94 = -r + 127. Let d be -4 + (-8 - -2)*-1. Suppose -m + r = d*m. Calculate the highest common divisor of 8 and m.
8
Let a(w) = w**3 + 8*w**2 - 11*w - 13. Let l be a(-9). Let q be l/25 + 2/(-10). Suppose -c + 54 - 6 = q. What is the highest common divisor of c and 32?
16
Suppose -20*q + 19*q + 2*g = -698, -q + 697 = -g. Calculate the highest common divisor of 24 and q.
24
Let d be (-134)/((-151)/30 + 5). Calculate the highest common divisor of d and 20.
20
Let q = -173 - -273. Calculate the highest common divisor of 800 and q.
100
Suppose 20*r - 16*r - 538 = -3*s, 0 = 5*s - 3*r - 945. Calculate the greatest common factor of s and 24.
6
Let b = 73 + -41. Suppose -4*f - 92 = -0*f. Let x = f + b. What is the greatest common factor of 36 and x?
9
Let r(c) = 4*c**2 - 7*c + 6. Let b be r(4). Let p be (-1 - 2)/3 + (0 - -15). What is the greatest common factor of p and b?
14
Let k be (-363)/605*95/(-1). What is the highest common factor of 152 and k?
19
Let r = 1 + 2. Suppose -2*h + 5 = r*h. Let j = 15 - 7. Calculate the greatest common divisor of j and h.
1
Let h = 480 + -465. What is the greatest common divisor of 105 and h?
15
Suppose -3*l - l - 352 = 0. Let q be 1/(3 + l/30). Calculate the greatest common factor of 30 and q.
15
Let v(l) = -23*l**3 + 47*l**3 + 19*l - 23*l**3 - 14*l**2 - 65. Let o be v(13). Let t = -29 + 68. Calculate the greatest common factor of t and o.
13
Suppose 0 = 2*u - 18 - 4. Calculate the highest common divisor of u and 176.
11
Suppose 5*f = 5*v - 290, v = 4*f + 28 + 36. What is the greatest common factor of 64 and v?
8
Let i(c) = -2*c**2 - 2*c + 5. Let a be i(-3). Let m be ((-3)/(-5))/(a/(-735)). Calculate the highest common divisor of m and 9.
9
Let s be ((-106)/(-8))/((-9)/(-36)). Suppose 2*m - 3*y = 66, -62 = -5*m - 5*y + s. What is the greatest common divisor of 18 and m?
9
Suppose -857 = 5*l - 2987. Let b = l - 293. What is the greatest common divisor of 19 and b?
19
Suppose 0 = 3*t + 5*m - 96, -2*t - 3*m = -m - 64. Calculate the highest common divisor of t and 32.
32
Let u = -719 + 845. Calculate the greatest common factor of 819 and u.
63
Let i be 15*-3*48/(-36). Let a be 42/(-35)*50/(-3). Calculate the greatest common divisor of i and a.
20
Let j(c) = c**2 + 7*c + 8. Let l be j(-4). Let i(a) = a**3 + 4*a**2 - 3*a - 5. Let o be i(l). What is the greatest common factor of 63 and o?
7
Let m be -22*(-2)/(32/104). What is the highest common divisor of m and 33?
11
Let i(b) = -b**2 + 21*b - 74. Let u be i(6). What is the highest common divisor of u and 112?
16
Let s(h) = 14*h**3 - 2*h**2 + 2*h - 1. Let y be s(1). Let l = -3 + y. Suppose -90 = -8*x - 10. Calculate the highest common divisor of x and l.
10
Let t = 78 + -50. Let f(b) = -b**3 - 11*b**2 - 9*b - 11. Let u be f(-10). Let n = u + t. What is the highest common factor of n and 7?
7
Suppose -6*d + 7*d - 36 = 0. Suppose -26 = -2*f - 2*i, 5*f - 19 - d = 5*i. Calculate the greatest common divisor of f and 18.
6
Suppose -q + 0*q = 2*j - 10, -4*j - 3*q = -20. Suppose 0 = j*z - 0*h - h - 25, -15 = -3*h. What is the greatest common factor of 30 and z?
6
Let f(j) = 2*j**2 + 12*j - 2*j + 2 - j**2. Suppose -s - 9 = 1. Let m be f(s). Calculate the highest common factor of 20 and m.
2
Let f = 74 + -47. Suppose -6 = -2*x + q + 12, -4*q - 36 = -4*x. What is the greatest common divisor of f and x?
9
Let o(k) = 93*k - 441. Let i be o(5). Calculate the highest common factor of i and 2292.
12
Let y = -3 + 4. Suppose 42*r - 48 = 26*r. Calculate the greatest common divisor of y and r.
1
Suppose -215 + 4 = -3*p + 5*b, -3*p + 251 = 5*b. Let y = -51 + 62. Calculate the highest common factor of p and y.
11
Let i be (-4 - 429/(-9))*3. Let o = i + -102. What is the greatest common factor of o and 261?
29
Suppose 130 = 4*c - 90. Suppose -4*n + 1063 - c = 0. Let z(q) = -2*q**3 + 47*q**2 - 21*q - 18. Let l be z(23). What is the highest common factor of n and l?
28
Suppose -47*u + 2020 = -37*u. What is the highest common divisor of 505 and u?
101
Let w = 66 -